s divided by 329.
2
What is the remainder when 5768 is divided by 2258?
1252
Calculate the remainder when 32429 is divided by 94.
93
Calculate the remainder when 293375 is divided by 45.
20
Calculate the remainder when 3529 is divided by 311.
108
Calculate the remainder when 28248 is divided by 4034.
10
What is the remainder when 44665 is divided by 37?
6
What is the remainder when 747 is divided by 32?
11
What is the remainder when 1527 is divided by 440?
207
Calculate the remainder when 6850 is divided by 313.
277
Calculate the remainder when 20911 is divided by 4132.
251
What is the remainder when 40079 is divided by 240?
239
Calculate the remainder when 8467 is divided by 447.
421
What is the remainder when 34005 is divided by 11?
4
Calculate the remainder when 36420 is divided by 744.
708
Calculate the remainder when 10331 is divided by 116.
7
What is the remainder when 3085 is divided by 435?
40
Calculate the remainder when 504 is divided by 392.
112
Calculate the remainder when 231872 is divided by 155.
147
What is the remainder when 1844 is divided by 640?
564
Calculate the remainder when 6792 is divided by 3394.
4
Calculate the remainder when 22737 is divided by 3248.
1
Calculate the remainder when 4638 is divided by 1528.
54
What is the remainder when 5027 is divided by 30?
17
What is the remainder when 167094 is divided by 224?
214
Calculate the remainder when 21188 is divided by 623.
6
Calculate the remainder when 1348885 is divided by 133.
132
Calculate the remainder when 1809 is divided by 262.
237
What is the remainder when 7301 is divided by 26?
21
Calculate the remainder when 48021 is divided by 13.
12
Calculate the remainder when 7198 is divided by 180.
178
What is the remainder when 2298118 is divided by 994?
984
What is the remainder when 1787 is divided by 851?
85
What is the remainder when 749 is divided by 25?
24
What is the remainder when 57538 is divided by 5229?
19
What is the remainder when 596 is divided by 132?
68
Calculate the remainder when 197619 is divided by 410.
409
Calculate the remainder when 5383 is divided by 2680.
23
Calculate the remainder when 254210 is divided by 50836.
30
Calculate the remainder when 291057 is divided by 44.
41
Calculate the remainder when 51317 is divided by 359.
339
Calculate the remainder when 1021 is divided by 848.
173
Calculate the remainder when 61078 is divided by 650.
628
Calculate the remainder when 2338 is divided by 1154.
30
Calculate the remainder when 2177 is divided by 2148.
29
What is the remainder when 13441 is divided by 420?
1
What is the remainder when 26082 is divided by 1304?
2
Calculate the remainder when 18217 is divided by 728.
17
What is the remainder when 13114 is divided by 6395?
324
What is the remainder when 1652394 is divided by 36?
30
What is the remainder when 972987 is divided by 324296?
99
What is the remainder when 17374 is divided by 758?
698
What is the remainder when 136446 is divided by 136441?
5
Calculate the remainder when 482 is divided by 339.
143
What is the remainder when 65675 is divided by 692?
627
What is the remainder when 2313 is divided by 293?
262
Calculate the remainder when 2918 is divided by 411.
41
Calculate the remainder when 1000059 is divided by 121.
115
What is the remainder when 14637 is divided by 66?
51
Calculate the remainder when 14807 is divided by 43.
15
What is the remainder when 5422 is divided by 118?
112
What is the remainder when 8515 is divided by 200?
115
Calculate the remainder when 10517 is divided by 315.
122
Calculate the remainder when 11330 is divided by 10.
0
Calculate the remainder when 9473 is divided by 590.
33
Calculate the remainder when 75491 is divided by 18.
17
Calculate the remainder when 1173 is divided by 582.
9
What is the remainder when 12460 is divided by 122?
16
Calculate the remainder when 6338 is divided by 6082.
256
What is the remainder when 56337 is divided by 96?
81
Calculate the remainder when 87981 is divided by 209.
201
What is the remainder when 3953 is divided by 985?
13
Calculate the remainder when 1181464 is divided by 442.
440
What is the remainder when 541294 is divided by 180426?
16
What is the remainder when 11499 is divided by 46?
45
What is the remainder when 11582 is divided by 35?
32
Calculate the remainder when 4233 is divided by 998.
241
Calculate the remainder when 4377 is divided by 537.
81
What is the remainder when 8597 is divided by 12?
5
Calculate the remainder when 5182 is divided by 129.
22
What is the remainder when 8812 is divided by 2133?
280
What is the remainder when 473 is divided by 21?
11
Calculate the remainder when 1179 is divided by 1072.
107
Calculate the remainder when 57697 is divided by 28843.
11
Calculate the remainder when 199231 is divided by 14.
11
What is the remainder when 1996 is divided by 36?
16
What is the remainder when 7289 is divided by 813?
785
What is the remainder when 48626 is divided by 2315?
11
What is the remainder when 848123 is divided by 115?
113
Calculate the remainder when 896740 is divided by 63.
61
What is the remainder when 5645 is divided by 5549?
96
Calculate the remainder when 82564 is divided by 16.
4
Calculate the remainder when 310411 is divided by 174.
169
What is the remainder when 12809 is divided by 29?
20
What is the remainder when 2231 is divided by 169?
34
What is the remainder when 8942 is divided by 122?
36
Calculate the remainder when 9306 is divided by 19.
15
Calculate the remainder when 61454 is divided by 11.
8
What is the remainder when 23239 is divided by 11546?
147
What is the remainder when 50848 is divided by 45?
43
What is the remainder when 653 is divided by 82?
79
What is the remainder when 11067 is divided by 29?
18
What is the remainder when 16795 is divided by 107?
103
Calculate the remainder when 30249 is divided by 2317.
128
Calculate the remainder when 29745 is divided by 705.
135
What is the remainder when 2088 is divided by 517?
20
Calculate the remainder when 17161 is divided by 2852.
49
Calculate the remainder when 752 is divided by 25.
2
Calculate the remainder when 458 is divided by 107.
30
What is the remainder when 29482 is divided by 65?
37
Calculate the remainder when 19600 is divided by 33.
31
Calculate the remainder when 31844 is divided by 4534.
106
What is the remainder when 4039 is divided by 79?
10
What is the remainder when 70145 is divided by 11?
9
Calculate the remainder when 19348 is divided by 19263.
85
What is the remainder when 189763 is divided by 189758?
5
Calculate the remainder when 1364340 is divided by 283.
280
What is the remainder when 9984 is divided by 9722?
262
Calculate the remainder when 11167 is divided by 61.
4
Calculate the remainder when 243154 is divided by 148.
138
What is the remainder when 21064 is divided by 679?
15
Calculate the remainder when 298076 is divided by 298051.
25
Calculate the remainder when 15967 is divided by 694.
5
What is the remainder when 1029684 is divided by 3?
0
What is the remainder when 157852 is divided by 3094?
58
What is the remainder when 66724 is divided by 164?
140
Calculate the remainder when 23320 is divided by 46.
44
What is the remainder when 2880 is divided by 41?
10
What is the remainder when 1433515 is divided by 24?
19
Calculate the remainder when 21016 is divided by 236.
12
Calculate the remainder when 1103 is divided by 86.
71
What is the remainder when 4449 is divided by 2169?
111
Calculate the remainder when 251058 is divided by 35861.
31
What is the remainder when 3122 is divided by 21?
14
What is the remainder when 459 is divided by 91?
4
What is the remainder when 273598 is divided by 285?
283
What is the remainder when 9500 is divided by 24?
20
What is the remainder when 40089 is divided by 33?
27
What is the remainder when 233504 is divided by 16677?
26
Calculate the remainder when 66451 is divided by 66187.
264
Calculate the remainder when 1745041 is divided by 82.
81
What is the remainder when 4740 is divided by 2365?
10
Calculate the remainder when 500159 is divided by 120.
119
What is the remainder when 1405 is divided by 1399?
6
Calculate the remainder when 7283 is divided by 292.
275
Calculate the remainder when 68983 is divided by 244.
175
Calculate the remainder when 14554 is divi